{"id":197,"date":"2025-04-28T21:24:32","date_gmt":"2025-04-28T19:24:32","guid":{"rendered":"http:\/\/kazdedzieckomatalent.pl\/?page_id=197"},"modified":"2026-02-24T23:29:31","modified_gmt":"2026-02-24T22:29:31","slug":"wspieraja-nas","status":"publish","type":"page","link":"https:\/\/kazdedzieckomatalent.pl\/index.php\/wspieraja-nas\/","title":{"rendered":"WSPIERAJ\u0104 NAS"},"content":{"rendered":"\t\t<div data-elementor-type=\"wp-page\" data-elementor-id=\"197\" class=\"elementor elementor-197\" data-elementor-post-type=\"page\">\n\t\t\t\t<div class=\"elementor-element elementor-element-a2c867d e-con-full e-flex e-con e-parent\" data-id=\"a2c867d\" data-element_type=\"container\">\n\t\t\t\t<div class=\"elementor-element elementor-element-d97fa2a elementor-widget__width-initial elementor-widget elementor-widget-heading\" data-id=\"d97fa2a\" data-element_type=\"widget\" data-widget_type=\"heading.default\">\n\t\t\t\t<div class=\"elementor-widget-container\">\n\t\t\t\t\t<h2 class=\"elementor-heading-title elementor-size-default\">Zadanie publiczne pn. ,,Ka\u017cde dziecko ma talent. Rozw\u00f3j kompetencji kulturowych\u201d <br>- VII edycja 2025<\/h2>\t\t\t\t<\/div>\n\t\t\t\t<\/div>\n\t\t\t\t<\/div>\n\t\t<div class=\"elementor-element elementor-element-232fb54a e-flex e-con-boxed e-con e-parent\" data-id=\"232fb54a\" data-element_type=\"container\" data-settings=\"{&quot;background_background&quot;:&quot;classic&quot;}\">\n\t\t\t\t\t<div class=\"e-con-inner\">\n\t\t\t\t<div class=\"elementor-element elementor-element-30b95376 elementor-widget elementor-widget-heading\" data-id=\"30b95376\" data-element_type=\"widget\" data-widget_type=\"heading.default\">\n\t\t\t\t<div class=\"elementor-widget-container\">\n\t\t\t\t\t<h2 class=\"elementor-heading-title elementor-size-default\"> Patronat Honorowy:<\/h2>\t\t\t\t<\/div>\n\t\t\t\t<\/div>\n\t\t\t\t\t<\/div>\n\t\t\t\t<\/div>\n\t\t<div class=\"elementor-element elementor-element-48d2668 e-grid e-con-full e-con e-parent\" data-id=\"48d2668\" data-element_type=\"container\">\n\t\t\t\t<div class=\"elementor-element elementor-element-c4aab4e elementor-widget elementor-widget-text-editor\" data-id=\"c4aab4e\" data-element_type=\"widget\" data-widget_type=\"text-editor.default\">\n\t\t\t\t<div class=\"elementor-widget-container\">\n\t\t\t\t\t\t\t\t\t<p><strong>Marta Malec-Lech \u2013 Cz\u0142onek Zarz\u0105du Wojew\u00f3dztwa Ma\u0142opolskiego<\/strong><\/p>\t\t\t\t\t\t\t\t<\/div>\n\t\t\t\t<\/div>\n\t\t\t\t<div class=\"elementor-element elementor-element-4262068 elementor-widget elementor-widget-text-editor\" data-id=\"4262068\" data-element_type=\"widget\" data-widget_type=\"text-editor.default\">\n\t\t\t\t<div class=\"elementor-widget-container\">\n\t\t\t\t\t\t\t\t\t<p><strong><span class=\"v1StrongEmphasis\">Akademia Sztuk Pi\u0119knych im. Jana Matejki w Krakowie<\/span><\/strong><\/p>\t\t\t\t\t\t\t\t<\/div>\n\t\t\t\t<\/div>\n\t\t\t\t<div class=\"elementor-element elementor-element-72e5d92 elementor-widget-tablet__width-initial elementor-widget-mobile__width-inherit elementor-widget__width-initial elementor-hidden-desktop elementor-position-top elementor-widget elementor-widget-image-box\" data-id=\"72e5d92\" data-element_type=\"widget\" data-widget_type=\"image-box.default\">\n\t\t\t\t<div class=\"elementor-widget-container\">\n\t\t\t\t\t<div class=\"elementor-image-box-wrapper\"><figure class=\"elementor-image-box-img\"><a href=\"https:\/\/kazdedzieckomatalent.pl\/index.php\/o-projekcie\/\" tabindex=\"-1\"><img fetchpriority=\"high\" decoding=\"async\" width=\"1670\" height=\"229\" src=\"https:\/\/kazdedzieckomatalent.pl\/wp-content\/uploads\/2025\/05\/malopolska-logo.png\" class=\"elementor-animation-grow attachment-full size-full wp-image-1310\" alt=\"\" srcset=\"https:\/\/kazdedzieckomatalent.pl\/wp-content\/uploads\/2025\/05\/malopolska-logo.png 1670w, https:\/\/kazdedzieckomatalent.pl\/wp-content\/uploads\/2025\/05\/malopolska-logo-300x41.png 300w, https:\/\/kazdedzieckomatalent.pl\/wp-content\/uploads\/2025\/05\/malopolska-logo-1024x140.png 1024w, https:\/\/kazdedzieckomatalent.pl\/wp-content\/uploads\/2025\/05\/malopolska-logo-768x105.png 768w, https:\/\/kazdedzieckomatalent.pl\/wp-content\/uploads\/2025\/05\/malopolska-logo-1536x211.png 1536w\" sizes=\"(max-width: 1670px) 100vw, 1670px\" \/><\/a><\/figure><\/div>\t\t\t\t<\/div>\n\t\t\t\t<\/div>\n\t\t\t\t<div class=\"elementor-element elementor-element-38b92a7 elementor-widget-tablet__width-initial elementor-widget-mobile__width-inherit elementor-widget__width-initial elementor-hidden-desktop elementor-position-top elementor-widget elementor-widget-image-box\" data-id=\"38b92a7\" data-element_type=\"widget\" data-widget_type=\"image-box.default\">\n\t\t\t\t<div class=\"elementor-widget-container\">\n\t\t\t\t\t<div class=\"elementor-image-box-wrapper\"><figure class=\"elementor-image-box-img\"><a href=\"https:\/\/kazdedzieckomatalent.pl\/index.php\/artysci\/\" tabindex=\"-1\"><img decoding=\"async\" width=\"2539\" height=\"1535\" src=\"https:\/\/kazdedzieckomatalent.pl\/wp-content\/uploads\/2025\/05\/ASP__podstawowe-PL.jpg\" class=\"elementor-animation-grow attachment-full size-full wp-image-1320\" alt=\"\" srcset=\"https:\/\/kazdedzieckomatalent.pl\/wp-content\/uploads\/2025\/05\/ASP__podstawowe-PL.jpg 2539w, https:\/\/kazdedzieckomatalent.pl\/wp-content\/uploads\/2025\/05\/ASP__podstawowe-PL-300x181.jpg 300w, https:\/\/kazdedzieckomatalent.pl\/wp-content\/uploads\/2025\/05\/ASP__podstawowe-PL-1024x619.jpg 1024w, https:\/\/kazdedzieckomatalent.pl\/wp-content\/uploads\/2025\/05\/ASP__podstawowe-PL-768x464.jpg 768w, https:\/\/kazdedzieckomatalent.pl\/wp-content\/uploads\/2025\/05\/ASP__podstawowe-PL-1536x929.jpg 1536w, https:\/\/kazdedzieckomatalent.pl\/wp-content\/uploads\/2025\/05\/ASP__podstawowe-PL-2048x1238.jpg 2048w\" sizes=\"(max-width: 2539px) 100vw, 2539px\" \/><\/a><\/figure><\/div>\t\t\t\t<\/div>\n\t\t\t\t<\/div>\n\t\t\t\t<\/div>\n\t\t<div class=\"elementor-element elementor-element-aca40c7 elementor-hidden-tablet elementor-hidden-mobile e-flex e-con-boxed e-con e-parent\" data-id=\"aca40c7\" data-element_type=\"container\">\n\t\t\t\t\t<div class=\"e-con-inner\">\n\t\t<div class=\"elementor-element elementor-element-d3a6df5 e-flex e-con-boxed e-con e-child\" data-id=\"d3a6df5\" data-element_type=\"container\">\n\t\t\t\t\t<div class=\"e-con-inner\">\n\t\t\t\t<div class=\"elementor-element elementor-element-76e86a1 elementor-widget-tablet__width-initial elementor-widget-mobile__width-inherit elementor-widget__width-initial elementor-position-top elementor-widget elementor-widget-image-box\" data-id=\"76e86a1\" data-element_type=\"widget\" data-widget_type=\"image-box.default\">\n\t\t\t\t<div class=\"elementor-widget-container\">\n\t\t\t\t\t<div class=\"elementor-image-box-wrapper\"><figure class=\"elementor-image-box-img\"><a href=\"https:\/\/kazdedzieckomatalent.pl\/index.php\/o-projekcie\/\" tabindex=\"-1\"><img fetchpriority=\"high\" decoding=\"async\" width=\"1670\" height=\"229\" src=\"https:\/\/kazdedzieckomatalent.pl\/wp-content\/uploads\/2025\/05\/malopolska-logo.png\" class=\"elementor-animation-grow attachment-full size-full wp-image-1310\" alt=\"\" srcset=\"https:\/\/kazdedzieckomatalent.pl\/wp-content\/uploads\/2025\/05\/malopolska-logo.png 1670w, https:\/\/kazdedzieckomatalent.pl\/wp-content\/uploads\/2025\/05\/malopolska-logo-300x41.png 300w, https:\/\/kazdedzieckomatalent.pl\/wp-content\/uploads\/2025\/05\/malopolska-logo-1024x140.png 1024w, https:\/\/kazdedzieckomatalent.pl\/wp-content\/uploads\/2025\/05\/malopolska-logo-768x105.png 768w, https:\/\/kazdedzieckomatalent.pl\/wp-content\/uploads\/2025\/05\/malopolska-logo-1536x211.png 1536w\" sizes=\"(max-width: 1670px) 100vw, 1670px\" \/><\/a><\/figure><\/div>\t\t\t\t<\/div>\n\t\t\t\t<\/div>\n\t\t\t\t<div class=\"elementor-element elementor-element-a0bd600 elementor-widget-tablet__width-initial elementor-widget-mobile__width-inherit elementor-widget__width-initial elementor-position-top elementor-widget elementor-widget-image-box\" data-id=\"a0bd600\" data-element_type=\"widget\" data-widget_type=\"image-box.default\">\n\t\t\t\t<div class=\"elementor-widget-container\">\n\t\t\t\t\t<div class=\"elementor-image-box-wrapper\"><figure class=\"elementor-image-box-img\"><a href=\"https:\/\/kazdedzieckomatalent.pl\/index.php\/artysci\/\" tabindex=\"-1\"><img decoding=\"async\" width=\"2539\" height=\"1535\" src=\"https:\/\/kazdedzieckomatalent.pl\/wp-content\/uploads\/2025\/05\/ASP__podstawowe-PL.jpg\" class=\"elementor-animation-grow attachment-full size-full wp-image-1320\" alt=\"\" srcset=\"https:\/\/kazdedzieckomatalent.pl\/wp-content\/uploads\/2025\/05\/ASP__podstawowe-PL.jpg 2539w, https:\/\/kazdedzieckomatalent.pl\/wp-content\/uploads\/2025\/05\/ASP__podstawowe-PL-300x181.jpg 300w, https:\/\/kazdedzieckomatalent.pl\/wp-content\/uploads\/2025\/05\/ASP__podstawowe-PL-1024x619.jpg 1024w, https:\/\/kazdedzieckomatalent.pl\/wp-content\/uploads\/2025\/05\/ASP__podstawowe-PL-768x464.jpg 768w, https:\/\/kazdedzieckomatalent.pl\/wp-content\/uploads\/2025\/05\/ASP__podstawowe-PL-1536x929.jpg 1536w, https:\/\/kazdedzieckomatalent.pl\/wp-content\/uploads\/2025\/05\/ASP__podstawowe-PL-2048x1238.jpg 2048w\" sizes=\"(max-width: 2539px) 100vw, 2539px\" \/><\/a><\/figure><\/div>\t\t\t\t<\/div>\n\t\t\t\t<\/div>\n\t\t\t\t\t<\/div>\n\t\t\t\t<\/div>\n\t\t\t\t\t<\/div>\n\t\t\t\t<\/div>\n\t\t<div class=\"elementor-element elementor-element-354b992 e-flex e-con-boxed e-con e-parent\" data-id=\"354b992\" data-element_type=\"container\" data-settings=\"{&quot;background_background&quot;:&quot;classic&quot;}\">\n\t\t\t\t\t<div class=\"e-con-inner\">\n\t\t\t\t<div class=\"elementor-element elementor-element-f8b8841 elementor-widget elementor-widget-heading\" data-id=\"f8b8841\" data-element_type=\"widget\" data-widget_type=\"heading.default\">\n\t\t\t\t<div class=\"elementor-widget-container\">\n\t\t\t\t\t<h2 class=\"elementor-heading-title elementor-size-default\">Wspieraj\u0105 Nas:<\/h2>\t\t\t\t<\/div>\n\t\t\t\t<\/div>\n\t\t\t\t\t<\/div>\n\t\t\t\t<\/div>\n\t\t<div class=\"elementor-element elementor-element-7014c75 e-flex e-con-boxed e-con e-parent\" data-id=\"7014c75\" data-element_type=\"container\">\n\t\t\t\t\t<div class=\"e-con-inner\">\n\t\t<div class=\"elementor-element elementor-element-5227d7a e-con-full e-flex e-con e-child\" data-id=\"5227d7a\" data-element_type=\"container\">\n\t\t\t\t<div class=\"elementor-element elementor-element-8e46311 elementor-widget-tablet__width-initial elementor-widget-mobile__width-inherit elementor-widget__width-initial elementor-position-top elementor-widget elementor-widget-image-box\" data-id=\"8e46311\" data-element_type=\"widget\" data-widget_type=\"image-box.default\">\n\t\t\t\t<div class=\"elementor-widget-container\">\n\t\t\t\t\t<div class=\"elementor-image-box-wrapper\"><figure class=\"elementor-image-box-img\"><a href=\"https:\/\/kazdedzieckomatalent.pl\/index.php\/warsztaty-malarskie\/\" tabindex=\"-1\"><img decoding=\"async\" width=\"1238\" height=\"655\" src=\"https:\/\/kazdedzieckomatalent.pl\/wp-content\/uploads\/2025\/05\/park-wodny-logotypy-wspieraja-nas.png\" class=\"elementor-animation-grow attachment-full size-full wp-image-1335\" alt=\"\" srcset=\"https:\/\/kazdedzieckomatalent.pl\/wp-content\/uploads\/2025\/05\/park-wodny-logotypy-wspieraja-nas.png 1238w, https:\/\/kazdedzieckomatalent.pl\/wp-content\/uploads\/2025\/05\/park-wodny-logotypy-wspieraja-nas-300x159.png 300w, https:\/\/kazdedzieckomatalent.pl\/wp-content\/uploads\/2025\/05\/park-wodny-logotypy-wspieraja-nas-1024x542.png 1024w, https:\/\/kazdedzieckomatalent.pl\/wp-content\/uploads\/2025\/05\/park-wodny-logotypy-wspieraja-nas-768x406.png 768w\" sizes=\"(max-width: 1238px) 100vw, 1238px\" \/><\/a><\/figure><\/div>\t\t\t\t<\/div>\n\t\t\t\t<\/div>\n\t\t\t\t<div class=\"elementor-element elementor-element-7a2944e elementor-widget-tablet__width-initial elementor-widget-mobile__width-inherit elementor-widget__width-initial elementor-position-top elementor-widget elementor-widget-image-box\" data-id=\"7a2944e\" data-element_type=\"widget\" data-widget_type=\"image-box.default\">\n\t\t\t\t<div class=\"elementor-widget-container\">\n\t\t\t\t\t<div class=\"elementor-image-box-wrapper\"><figure class=\"elementor-image-box-img\"><a href=\"https:\/\/kazdedzieckomatalent.pl\/index.php\/warsztaty-malarskie\/\" tabindex=\"-1\"><img loading=\"lazy\" decoding=\"async\" width=\"1250\" height=\"413\" src=\"https:\/\/kazdedzieckomatalent.pl\/wp-content\/uploads\/2025\/05\/progress-logotypy-wspieraja-nas.png\" class=\"elementor-animation-grow attachment-full size-full wp-image-1336\" alt=\"\" srcset=\"https:\/\/kazdedzieckomatalent.pl\/wp-content\/uploads\/2025\/05\/progress-logotypy-wspieraja-nas.png 1250w, https:\/\/kazdedzieckomatalent.pl\/wp-content\/uploads\/2025\/05\/progress-logotypy-wspieraja-nas-300x99.png 300w, https:\/\/kazdedzieckomatalent.pl\/wp-content\/uploads\/2025\/05\/progress-logotypy-wspieraja-nas-1024x338.png 1024w, https:\/\/kazdedzieckomatalent.pl\/wp-content\/uploads\/2025\/05\/progress-logotypy-wspieraja-nas-768x254.png 768w\" sizes=\"(max-width: 1250px) 100vw, 1250px\" \/><\/a><\/figure><\/div>\t\t\t\t<\/div>\n\t\t\t\t<\/div>\n\t\t\t\t<div class=\"elementor-element elementor-element-e3d8802 elementor-widget-tablet__width-initial elementor-widget-mobile__width-inherit elementor-widget__width-initial elementor-position-top elementor-widget elementor-widget-image-box\" data-id=\"e3d8802\" data-element_type=\"widget\" data-widget_type=\"image-box.default\">\n\t\t\t\t<div class=\"elementor-widget-container\">\n\t\t\t\t\t<div class=\"elementor-image-box-wrapper\"><figure class=\"elementor-image-box-img\"><a href=\"https:\/\/kazdedzieckomatalent.pl\/index.php\/warsztaty-malarskie\/\" tabindex=\"-1\"><img loading=\"lazy\" decoding=\"async\" width=\"340\" height=\"148\" src=\"https:\/\/kazdedzieckomatalent.pl\/wp-content\/uploads\/2026\/02\/strom.png\" class=\"elementor-animation-grow attachment-full size-full wp-image-1935\" alt=\"\" srcset=\"https:\/\/kazdedzieckomatalent.pl\/wp-content\/uploads\/2026\/02\/strom.png 340w, https:\/\/kazdedzieckomatalent.pl\/wp-content\/uploads\/2026\/02\/strom-300x131.png 300w\" sizes=\"(max-width: 340px) 100vw, 340px\" \/><\/a><\/figure><\/div>\t\t\t\t<\/div>\n\t\t\t\t<\/div>\n\t\t\t\t<div class=\"elementor-element elementor-element-aee3870 elementor-widget-tablet__width-initial elementor-widget-mobile__width-inherit elementor-widget__width-initial elementor-position-top elementor-widget elementor-widget-image-box\" data-id=\"aee3870\" data-element_type=\"widget\" data-widget_type=\"image-box.default\">\n\t\t\t\t<div class=\"elementor-widget-container\">\n\t\t\t\t\t<div class=\"elementor-image-box-wrapper\"><figure class=\"elementor-image-box-img\"><a href=\"https:\/\/kazdedzieckomatalent.pl\/index.php\/warsztaty-malarskie\/\" tabindex=\"-1\"><img loading=\"lazy\" decoding=\"async\" width=\"1294\" height=\"592\" src=\"https:\/\/kazdedzieckomatalent.pl\/wp-content\/uploads\/2025\/05\/tibi-logotypy-wspieraja-nas.png\" class=\"elementor-animation-grow attachment-full size-full wp-image-1338\" alt=\"\" srcset=\"https:\/\/kazdedzieckomatalent.pl\/wp-content\/uploads\/2025\/05\/tibi-logotypy-wspieraja-nas.png 1294w, https:\/\/kazdedzieckomatalent.pl\/wp-content\/uploads\/2025\/05\/tibi-logotypy-wspieraja-nas-300x137.png 300w, https:\/\/kazdedzieckomatalent.pl\/wp-content\/uploads\/2025\/05\/tibi-logotypy-wspieraja-nas-1024x468.png 1024w, https:\/\/kazdedzieckomatalent.pl\/wp-content\/uploads\/2025\/05\/tibi-logotypy-wspieraja-nas-768x351.png 768w\" sizes=\"(max-width: 1294px) 100vw, 1294px\" \/><\/a><\/figure><\/div>\t\t\t\t<\/div>\n\t\t\t\t<\/div>\n\t\t\t\t<div class=\"elementor-element elementor-element-d91573d elementor-widget-tablet__width-initial elementor-widget-mobile__width-inherit elementor-widget__width-initial elementor-position-top elementor-widget elementor-widget-image-box\" data-id=\"d91573d\" data-element_type=\"widget\" data-widget_type=\"image-box.default\">\n\t\t\t\t<div class=\"elementor-widget-container\">\n\t\t\t\t\t<div class=\"elementor-image-box-wrapper\"><figure class=\"elementor-image-box-img\"><a href=\"https:\/\/kazdedzieckomatalent.pl\/index.php\/warsztaty-malarskie\/\" tabindex=\"-1\"><img loading=\"lazy\" decoding=\"async\" width=\"584\" height=\"654\" src=\"https:\/\/kazdedzieckomatalent.pl\/wp-content\/uploads\/2025\/05\/maluj-baluj-logotypy-wspieraja-nas.png\" class=\"elementor-animation-grow attachment-full size-full wp-image-1339\" alt=\"\" srcset=\"https:\/\/kazdedzieckomatalent.pl\/wp-content\/uploads\/2025\/05\/maluj-baluj-logotypy-wspieraja-nas.png 584w, https:\/\/kazdedzieckomatalent.pl\/wp-content\/uploads\/2025\/05\/maluj-baluj-logotypy-wspieraja-nas-268x300.png 268w\" sizes=\"(max-width: 584px) 100vw, 584px\" \/><\/a><\/figure><\/div>\t\t\t\t<\/div>\n\t\t\t\t<\/div>\n\t\t\t\t<\/div>\n\t\t\t\t\t<\/div>\n\t\t\t\t<\/div>\n\t\t<div class=\"elementor-element elementor-element-7dd953b e-flex e-con-boxed e-con e-parent\" data-id=\"7dd953b\" data-element_type=\"container\" data-settings=\"{&quot;background_background&quot;:&quot;classic&quot;}\">\n\t\t\t\t\t<div class=\"e-con-inner\">\n\t\t\t\t<div class=\"elementor-element elementor-element-02f2db8 elementor-widget elementor-widget-heading\" data-id=\"02f2db8\" data-element_type=\"widget\" data-widget_type=\"heading.default\">\n\t\t\t\t<div class=\"elementor-widget-container\">\n\t\t\t\t\t<h2 class=\"elementor-heading-title elementor-size-default\">Patronat medialny:<\/h2>\t\t\t\t<\/div>\n\t\t\t\t<\/div>\n\t\t\t\t\t<\/div>\n\t\t\t\t<\/div>\n\t\t<div class=\"elementor-element elementor-element-f053105 e-flex e-con-boxed e-con e-parent\" data-id=\"f053105\" data-element_type=\"container\">\n\t\t\t\t\t<div class=\"e-con-inner\">\n\t\t<div class=\"elementor-element elementor-element-cfac3cf e-con-full e-flex e-con e-child\" data-id=\"cfac3cf\" data-element_type=\"container\">\n\t\t\t\t<div class=\"elementor-element elementor-element-fec0a87 elementor-widget-tablet__width-initial elementor-widget-mobile__width-inherit elementor-widget__width-initial elementor-position-top elementor-widget elementor-widget-image-box\" data-id=\"fec0a87\" data-element_type=\"widget\" data-widget_type=\"image-box.default\">\n\t\t\t\t<div class=\"elementor-widget-container\">\n\t\t\t\t\t<div class=\"elementor-image-box-wrapper\"><figure class=\"elementor-image-box-img\"><a href=\"https:\/\/kazdedzieckomatalent.pl\/index.php\/artysci\/\" tabindex=\"-1\"><img loading=\"lazy\" decoding=\"async\" width=\"1701\" height=\"567\" src=\"https:\/\/kazdedzieckomatalent.pl\/wp-content\/uploads\/2025\/05\/KRAKOW-106_1_miasto_a.png\" class=\"elementor-animation-grow attachment-full size-full wp-image-1383\" alt=\"\" srcset=\"https:\/\/kazdedzieckomatalent.pl\/wp-content\/uploads\/2025\/05\/KRAKOW-106_1_miasto_a.png 1701w, https:\/\/kazdedzieckomatalent.pl\/wp-content\/uploads\/2025\/05\/KRAKOW-106_1_miasto_a-300x100.png 300w, https:\/\/kazdedzieckomatalent.pl\/wp-content\/uploads\/2025\/05\/KRAKOW-106_1_miasto_a-1024x341.png 1024w, https:\/\/kazdedzieckomatalent.pl\/wp-content\/uploads\/2025\/05\/KRAKOW-106_1_miasto_a-768x256.png 768w, https:\/\/kazdedzieckomatalent.pl\/wp-content\/uploads\/2025\/05\/KRAKOW-106_1_miasto_a-1536x512.png 1536w\" sizes=\"(max-width: 1701px) 100vw, 1701px\" \/><\/a><\/figure><\/div>\t\t\t\t<\/div>\n\t\t\t\t<\/div>\n\t\t\t\t<div class=\"elementor-element elementor-element-8bfddcf elementor-widget-tablet__width-initial elementor-widget-mobile__width-inherit elementor-widget__width-initial elementor-position-top elementor-widget elementor-widget-image-box\" data-id=\"8bfddcf\" data-element_type=\"widget\" data-widget_type=\"image-box.default\">\n\t\t\t\t<div class=\"elementor-widget-container\">\n\t\t\t\t\t<div class=\"elementor-image-box-wrapper\"><figure class=\"elementor-image-box-img\"><a href=\"https:\/\/kazdedzieckomatalent.pl\/index.php\/warsztaty-malarskie\/\" tabindex=\"-1\"><img loading=\"lazy\" decoding=\"async\" width=\"1123\" height=\"591\" src=\"https:\/\/kazdedzieckomatalent.pl\/wp-content\/uploads\/2025\/05\/niedziela_1926_CMYK.jpg\" class=\"elementor-animation-grow attachment-full size-full wp-image-1382\" alt=\"\" srcset=\"https:\/\/kazdedzieckomatalent.pl\/wp-content\/uploads\/2025\/05\/niedziela_1926_CMYK.jpg 1123w, https:\/\/kazdedzieckomatalent.pl\/wp-content\/uploads\/2025\/05\/niedziela_1926_CMYK-300x158.jpg 300w, https:\/\/kazdedzieckomatalent.pl\/wp-content\/uploads\/2025\/05\/niedziela_1926_CMYK-1024x539.jpg 1024w, https:\/\/kazdedzieckomatalent.pl\/wp-content\/uploads\/2025\/05\/niedziela_1926_CMYK-768x404.jpg 768w\" sizes=\"(max-width: 1123px) 100vw, 1123px\" \/><\/a><\/figure><\/div>\t\t\t\t<\/div>\n\t\t\t\t<\/div>\n\t\t\t\t<\/div>\n\t\t\t\t\t<\/div>\n\t\t\t\t<\/div>\n\t\t\t\t<\/div>\n\t\t","protected":false},"excerpt":{"rendered":"<p>Zadanie publiczne pn. ,,Ka\u017cde dziecko ma talent. Rozw\u00f3j kompetencji kulturowych\u201d &#8211; VII edycja 2025 Patronat Honorowy: Marta Malec-Lech \u2013 Cz\u0142onek [&hellip;]<\/p>\n","protected":false},"author":1,"featured_media":0,"parent":0,"menu_order":0,"comment_status":"closed","ping_status":"closed","template":"elementor_header_footer","meta":{"site-sidebar-layout":"no-sidebar","site-content-layout":"","ast-site-content-layout":"full-width-container","site-content-style":"default","site-sidebar-style":"default","ast-global-header-display":"","ast-banner-title-visibility":"","ast-main-header-display":"","ast-hfb-above-header-display":"","ast-hfb-below-header-display":"","ast-hfb-mobile-header-display":"","site-post-title":"disabled","ast-breadcrumbs-content":"","ast-featured-img":"disabled","footer-sml-layout":"","theme-transparent-header-meta":"","adv-header-id-meta":"","stick-header-meta":"","header-above-stick-meta":"","header-main-stick-meta":"","header-below-stick-meta":"","astra-migrate-meta-layouts":"default","ast-page-background-enabled":"default","ast-page-background-meta":{"desktop":{"background-color":"var(--ast-global-color-5)","background-image":"","background-repeat":"repeat","background-position":"center center","background-size":"auto","background-attachment":"scroll","background-type":"","background-media":"","overlay-type":"","overlay-color":"","overlay-opacity":"","overlay-gradient":""},"tablet":{"background-color":"","background-image":"","background-repeat":"repeat","background-position":"center center","background-size":"auto","background-attachment":"scroll","background-type":"","background-media":"","overlay-type":"","overlay-color":"","overlay-opacity":"","overlay-gradient":""},"mobile":{"background-color":"","background-image":"","background-repeat":"repeat","background-position":"center center","background-size":"auto","background-attachment":"scroll","background-type":"","background-media":"","overlay-type":"","overlay-color":"","overlay-opacity":"","overlay-gradient":""}},"ast-content-background-meta":{"desktop":{"background-color":"var(--ast-global-color-4)","background-image":"","background-repeat":"repeat","background-position":"center center","background-size":"auto","background-attachment":"scroll","background-type":"","background-media":"","overlay-type":"","overlay-color":"","overlay-opacity":"","overlay-gradient":""},"tablet":{"background-color":"var(--ast-global-color-4)","background-image":"","background-repeat":"repeat","background-position":"center center","background-size":"auto","background-attachment":"scroll","background-type":"","background-media":"","overlay-type":"","overlay-color":"","overlay-opacity":"","overlay-gradient":""},"mobile":{"background-color":"var(--ast-global-color-4)","background-image":"","background-repeat":"repeat","background-position":"center center","background-size":"auto","background-attachment":"scroll","background-type":"","background-media":"","overlay-type":"","overlay-color":"","overlay-opacity":"","overlay-gradient":""}},"footnotes":""},"class_list":["post-197","page","type-page","status-publish","hentry"],"_links":{"self":[{"href":"https:\/\/kazdedzieckomatalent.pl\/index.php\/wp-json\/wp\/v2\/pages\/197","targetHints":{"allow":["GET"]}}],"collection":[{"href":"https:\/\/kazdedzieckomatalent.pl\/index.php\/wp-json\/wp\/v2\/pages"}],"about":[{"href":"https:\/\/kazdedzieckomatalent.pl\/index.php\/wp-json\/wp\/v2\/types\/page"}],"author":[{"embeddable":true,"href":"https:\/\/kazdedzieckomatalent.pl\/index.php\/wp-json\/wp\/v2\/users\/1"}],"replies":[{"embeddable":true,"href":"https:\/\/kazdedzieckomatalent.pl\/index.php\/wp-json\/wp\/v2\/comments?post=197"}],"version-history":[{"count":221,"href":"https:\/\/kazdedzieckomatalent.pl\/index.php\/wp-json\/wp\/v2\/pages\/197\/revisions"}],"predecessor-version":[{"id":1939,"href":"https:\/\/kazdedzieckomatalent.pl\/index.php\/wp-json\/wp\/v2\/pages\/197\/revisions\/1939"}],"wp:attachment":[{"href":"https:\/\/kazdedzieckomatalent.pl\/index.php\/wp-json\/wp\/v2\/media?parent=197"}],"curies":[{"name":"wp","href":"https:\/\/api.w.org\/{rel}","templated":true}]}}